 z = -5*f - 2*s, 0 = -3*f - 4*s + 22. Suppose -f*o - 8*o + 5410 = 0. Is o a composite number?
False
Suppose -n - 165413 = -5*j, -35*n = 2*j - 33*n - 66170. Is j prime?
True
Is ((-35)/10)/((-14)/(-2) + 651534/(-93076)) composite?
True
Suppose 114 = 5*q - 6. Suppose 5*y = -y + q. Suppose -2*i = -5*m - 778, 0*i + 4*m - 1584 = -y*i. Is i a prime number?
False
Suppose -722686 = -3*i + 10*x + 39619, 5*x - 1270530 = -5*i. Is i a prime number?
False
Suppose -3*r + 425957 = 26*w - 21*w, 0 = -2*r + 4*w + 283942. Is r prime?
False
Let n = 149 - 147. Suppose -n*i + 668 = -2*a, 2 = -a - 1. Is i composite?
False
Suppose -4982253 = -28*i - 8*i - 227193. Is i a composite number?
True
Is 189331 - (4/32 - 637/104) prime?
True
Suppose -4*n = -5*b - 498678, 30*n - 2*b = 31*n - 124663. Is n prime?
False
Let y = -5056 - -14539. Suppose k + 5*q - y = -397, 1 = -q. Is k prime?
True
Suppose -p = 3*p + 3*m - 28, 0 = -p + 2*m - 4. Let k = -35 + 17. Is ((-3314)/4)/(k/p + 4) a composite number?
False
Suppose 0 = 2*t + 207*u - 206*u - 197282, u = 2*t - 197274. Is t prime?
True
Suppose -12 = 3*g - c, g - 5*g + 4*c = 16. Let u(l) = -27*l**3 + 7*l**2 + 5*l - 9. Let d(a) = -1. Let b(v) = -6*d(v) + u(v). Is b(g) prime?
False
Let g(s) = -4757*s - 1467. Is g(-8) a prime number?
False
Let o = -13131 - -79753. Is o a prime number?
False
Is 94/141*(3 - (-248481)/6) a prime number?
True
Suppose -5*v + 2*n = -550069, n + 67 = 75. Is v a prime number?
True
Let h be (-2)/(-10) + 52/(-10) + 3. Let z be 34/h*(-8 - (-7)/1). Let t(d) = -d**2 + 24*d + 24. Is t(z) prime?
False
Let n = -14 + 784. Suppose -16*v + 6*v = -n. Is v a composite number?
True
Let q(x) = -12*x - 18. Let v be q(-3). Suppose t - v*t = -14501. Is t composite?
False
Let h be 1 + 30/8 + (-60)/80. Suppose 2*o - 2 = 0, 4*i - 224 = h*o - 48. Let p = 178 + i. Is p a prime number?
True
Suppose 0 = -3*h + 9665 + 32902. Suppose -4*z + 6*z = 5*w - h, w - 2833 = -2*z. Is w a prime number?
True
Let r = 910 + -853. Let d = 8 - 4. Suppose z = -5*n + 3*n + r, d*z = -5*n + 222. Is z a prime number?
True
Let y = -90637 - -137022. Is y a composite number?
True
Let u = 67 - 51. Let y be (-30)/105 - u/(-7). Suppose 3076 = 6*s - y*s. Is s composite?
False
Suppose -25*y = -13*y - 23*y + 2882121. Is y a prime number?
False
Let x(a) = 463*a**2 - a. Let c be x(-2). Let s = c + -1065. Is s a composite number?
True
Suppose -5*u - 27120 = -11*u. Suppose -11*v + 1475 = -u. Is v prime?
False
Let t(j) = j**2 - j - 1. Let r(o) = -7*o**3 - 4*o**2 + 7*o - 7. Let c(s) = r(s) + 4*t(s). Let i be c(4). Is 9/(-6)*8/(-6) - i prime?
True
Let c(v) = -v**2 + v + 703. Suppose 0 = 3*w - 19 - 23. Let f be 3 - ((-46)/(-14) - 4/w). Is c(f) prime?
False
Let l(b) = 207*b + 5. Suppose 0 = 4*y, 0*p + p + y - 2 = 0. Is l(p) a composite number?
False
Let d(n) = -79*n**3 - 18*n**2 - 95*n - 27. Is d(-16) a prime number?
False
Suppose -4*m = v - m - 1, 0 = -2*v - m + 7. Let z(w) = 230*w**2 + 3*w - 1. Is z(v) prime?
True
Let h(s) = -592*s + 54*s + 87 - 583*s + 39*s. Is h(-10) a prime number?
False
Suppose 0 = -2*q + 68 + 296. Let t = 979 - q. Is t a prime number?
True
Let j be 61808/7 + (-82)/7 + 12. Suppose j = -31*d + 36*d - 5*m, -3*d + 2*m = -5294. Is d composite?
True
Let f be 654078/42 + (-12)/42. Let j = -8534 + f. Is j prime?
True
Let x(p) = -p**2 + 8*p + 11. Let t be x(8). Suppose 2683 = t*s - 12552. Is s prime?
False
Suppose 0 = v + 2*x + 5 + 3, 0 = -5*v - x + 5. Suppose -4*i + 126 = v. Is i a composite number?
False
Let u(f) = -75*f + 166. Is u(-31) a composite number?
True
Let o(k) = k**3 + 10*k**2 + 2*k - 2. Let w(q) = 39*q**3 + 1. Let b be w(1). Let j = b - 47. Is o(j) a composite number?
False
Suppose 0 = 2*j + 8, 2*u + 3*j + 78 = 5*u. Is (-132 + -2)*(-583)/u a prime number?
False
Suppose 19*u = -10*u + 58. Is ((u - -5)*(2 + 15896))/2 composite?
True
Suppose p + 5*w = 7069, -7069 = -183*p + 182*p + 2*w. Is p a composite number?
False
Let y(k) = 38*k**3 - k**2 + 4*k + 24. Let l be y(12). Let x = -44803 + l. Is x a composite number?
False
Let i(v) = -314*v**2 + 3*v. Let f be i(2). Suppose 0 = 2*j + 5225 - 2714 + 2291. Let k = f - j. Is k a prime number?
True
Let s = 303898 + -159737. Is s composite?
False
Let g(u) = -35*u + 39*u + 6 + 198*u**2 - 3 - 9. Let l be g(2). Is -4 + (l/(-4))/((-9)/54) a prime number?
True
Let o(h) = 25*h - 423. Let q be o(17). Suppose -2*m + 24118 = -5*i + 4*i, -q*m + 2*i = -24120. Is m a prime number?
False
Is (-2)/(-4)*(13 + 349609 + 20) prime?
True
Let k be 0/((7/(-14))/(1/4)). Let p(v) = -v**3 + v**2 + 4*v + 13577. Is p(k) a composite number?
False
Let s(q) = 12*q**2 + q + 5. Let d be s(-3). Suppose d*i - 108*i = 18. Suppose -697 = 8*t - i*t. Is t a prime number?
False
Let i = -199 - -417. Suppose 609 = 225*q - i*q. Is q composite?
True
Let f(m) = 3*m**2 - 7*m - 2. Let d be 30/(-20)*16/(-6). Let t be f(d). Suppose t*b + 7737 = 21*b. Is b prime?
True
Let z(u) = u**2 - 20*u. Let s be z(0). Suppose -2*i + 5*t + 91 = s, 140 = i + 3*i + 4*t. Is i a composite number?
True
Is 5/(-1 + 0)*287571*5/(-75) prime?
True
Let l = -55832 + 79189. Is l a prime number?
True
Let x = 179 + -167. Let i(z) be the third derivative of -z**6/120 + 19*z**5/60 + z**4/8 - 7*z**3/6 + 6*z**2. Is i(x) composite?
True
Is ((17 - 18) + (-560)/(-6))/(2/1842) a composite number?
True
Let p(c) = 4*c + 7. Let g be p(-1). Suppose m = g*v + 684, 2*m + v + 94 - 1427 = 0. Is m a composite number?
True
Is 552/(-1518) - (-854055)/11 a composite number?
False
Suppose 83761 - 248579 = -7*k + 177111. Is k a prime number?
True
Suppose 0 = 4*p + n - 19136, 4*p + 5*n = 12440 + 6712. Suppose -p = 210*d - 211*d. Is d a composite number?
False
Suppose 27*p - 35545788 = -11*p + 20*p. Is p a composite number?
True
Let c = 1040 - -1373. Suppose 67*m + c = 68*m. Is m a prime number?
False
Let q = -21 - -23. Let s(n) = -14*n**2 + 9*n + 3 + 15*n**2 - q. Is s(-10) composite?
False
Let k(p) = 17 + 18 + 10*p - 73*p. Let d be k(-15). Let q = -3 + d. Is q composite?
False
Is 26424 - (-17 + -18)/5 a composite number?
False
Let y(n) = -20*n**3 - 29*n**2 - 7*n. Let l(k) = 11*k**3 + 14*k**2 + 3*k + 1. Let z(h) = 5*l(h) + 2*y(h). Is z(6) a prime number?
False
Let w = -34 + 19. Let l be (w/(-10))/(2/2516). Is -2 + (4 - 0) + l composite?
False
Let n(i) = 685*i**2 + 794*i + 12573. Is n(-16) a composite number?
False
Let o(b) = 5*b**2 - 2*b - 10. Let c be o(-2). Suppose -8488 = -22*i + c*i. Is i composite?
False
Let h = -136 + 102. Let d = h + 375. Is d a composite number?
True
Is (136 + -133)/((-3)/(-73249)) a prime number?
False
Suppose -712*n + 703*n - 83700 = 0. Let z = n - -15023. Is z a prime number?
False
Let k(r) = -r**3 + 3*r + 10. Let f be k(3). Is (2/(-6) + f/6)*-381 a prime number?
False
Let z(k) = -k + 2. Let n(p) = -3*p + 5621. Let f(l) = n(l) + 3*z(l). Is f(0) a prime number?
False
Let l(f) = 4*f**2 - 93. Let g be 16/(-56) - (-312)/14. Is l(g) prime?
False
Suppose 7*a - 242702 = 20988. Let f be a/50 + 2/(-5). Suppose f = -8*t + 11*t. Is t a composite number?
False
Suppose -219*i + 206*i + 230009 = 0. Is i prime?
False
Suppose -5*j - 23 + 33 = 0. Is ((-246)/12)/(j/(-236)) a composite number?
True
Let n = -44 - -47. Suppose 0 = 6*o + n*o - 351. Let j = 72 + o. Is j a composite number?
True
Let a(c) = -5*c - 4. Let t be -1*(-4 + 2)*-1. Let v be a(t). Let q = v + 61. Is q a composite number?
False
Suppose 8 = 2*h + 2. Suppose h*t + 5 = 2. Is 0 + 49 - (t + -1) a composite number?
True
Let q = -3958 + 28287. Is q a prime number?
True
Suppose -8*b + b + 49791 = 0. Suppose -378*y = -381*y + b. Is y a prime number?
True
Let k = -52 + 97. Suppose 2*f + 10 = 0, 5*f + k - 2 = 2*a. Is a/18 - (-421)/(-4)*-2 prime?
True
Suppose 0 = -7*w + 54492 - 10301. Suppose 2*h - 2891 = 3*d + 3398, -2*h + w = 5*d. Is h prime?
False
Suppose -319 + 46 = -7*c. Let q = 46 - c. Suppose 2872 = q*a + a. Is a composite?
False
Let b(v) = 243*v - 31. Let x be b(7). Suppose 6*j - x = 844. Is j a prime number?
True
Let g(u) = 44*u + 3. Let r be g(-2). Suppose 5*j - 2930 = -11*s + 6*s, -2352 = -4*j + 4*s. Let t = r + j. Is t prime?
False
Let z = 126 + -42. Is (29/(-4))/(3/z*-1) a prime number?
False
Let s(h) = 947*h - 229. Suppose 135*y = 126*y + 144. Is s(y) a composite number?
False
Let y = 0 - -12. Let i(c) = c**2 + 2*c + 24. L